{"id":13,"date":"2025-12-14T12:35:28","date_gmt":"2025-12-14T12:35:28","guid":{"rendered":"http:\/\/localhost\/thiendangcons\/?page_id=13"},"modified":"2026-02-11T04:01:17","modified_gmt":"2026-02-11T04:01:17","slug":"gioi-thieu","status":"publish","type":"page","link":"https:\/\/thiendangcons.com\/index.php\/gioi-thieu\/","title":{"rendered":"Gi\u1edbi thi\u1ec7u"},"content":{"rendered":"\n\t<section class=\"section\" id=\"section_1586968749\">\n\t\t<div class=\"bg section-bg fill bg-fill  \" >\n\n\t\t\t\n\t\t\t\n\t\t\t\n\n\t\t<\/div>\n\n\t\t\n\n\t\t<div class=\"section-content relative\">\n\t\t\t\n\n<div class=\"row align-middle\"  id=\"row-318429080\">\n\n\n\t<div id=\"col-961618690\" class=\"col medium-6 small-12 large-6\"  >\n\t\t\t\t<div class=\"col-inner\"  >\n\t\t\t\n\t\t\t\n\n\t<div id=\"text-3937023594\" class=\"text\">\n\t\t\n\n<h2>GI\u1edaI THI\u1ec6U<\/h2>\n\t\t\n<style>\n#text-3937023594 {\n  font-size: 1.6rem;\n  text-align: right;\n  color: rgb(129, 185, 34);\n}\n#text-3937023594 > * {\n  color: rgb(129, 185, 34);\n}\n<\/style>\n\t<\/div>\n\t\n\t<div id=\"text-3170132592\" class=\"text\">\n\t\t\n\n<p>C\u00f4ng ty <strong>TNHH Ki\u1ebfn Tr\u00fac X\u00e2y D\u1ef1ng Thi\u00ean \u0110\u0103ng<\/strong> \u0111\u01b0\u1ee3c th\u00e0nh l\u1eadp v\u00e0o n\u0103m 2024 v\u1edbi s\u1ee9 m\u1ec7nh mang l\u1ea1i c\u00e1c gi\u1ea3i ph\u00e1p thi\u1ebft k\u1ebf ki\u1ebfn tr\u00fac v\u00e0 x\u00e2y d\u1ef1ng t\u1ed1i \u01b0u, hi\u1ec7n \u0111\u1ea1i v\u00e0 th\u00e2n thi\u1ec7n v\u1edbi m\u00f4i tr\u01b0\u1eddng. T\u1eeb khi th\u00e0nh l\u1eadp \u0111\u1ebfn nay, <strong>Thi\u00ean \u0110\u0103ng<\/strong> \u0111\u00e3 kh\u00f4ng ng\u1eebng ph\u00e1t tri\u1ec3n v\u00e0 kh\u1eb3ng \u0111\u1ecbnh v\u1ecb th\u1ebf trong ng\u00e0nh th\u00f4ng qua h\u00e0ng lo\u1ea1t d\u1ef1 \u00e1n n\u1ed5i b\u1eadt \u1edf nhi\u1ec1u l\u0129nh v\u1ef1c kh\u00e1c nhau nh\u01b0 nh\u00e0 \u1edf, th\u01b0\u01a1ng m\u1ea1i, c\u00f4ng tr\u00ecnh c\u00f4ng c\u1ed9ng v\u00e0 c\u00e1c d\u1ef1 \u00e1n c\u00f4ng nghi\u1ec7p.<\/p>\n\t\t\n<style>\n#text-3170132592 {\n  color: rgb(0,0,0);\n}\n#text-3170132592 > * {\n  color: rgb(0,0,0);\n}\n<\/style>\n\t<\/div>\n\t\n\n\t\t<\/div>\n\t\t\t\t\t<\/div>\n\n\t\n\n\t<div id=\"col-1130455851\" class=\"col medium-6 small-12 large-6\"  >\n\t\t\t\t<div class=\"col-inner\"  >\n\t\t\t\n\t\t\t\n\n<div class=\"row\"  id=\"row-697632046\">\n\n\n\t<div id=\"col-1853258200\" class=\"col medium-2 small-12 large-2\"  >\n\t\t\t\t<div class=\"col-inner\"  >\n\t\t\t\n\t\t\t\n\n\t<div class=\"img has-hover x md-x lg-x y md-y lg-y\" id=\"image_550045558\">\n\t\t\t\t\t\t\t\t<div class=\"img-inner image-cover dark\" style=\"padding-top:110%;\">\n\t\t\t<img loading=\"lazy\" decoding=\"async\" width=\"133\" height=\"148\" src=\"https:\/\/thiendangcons.com\/wp-content\/uploads\/2026\/02\/LogoGlobeWater.png\" class=\"attachment-large size-large\" alt=\"\" \/>\t\t\t\t\t\t\n\t\t\t\t\t<\/div>\n\t\t\t\t\t\t\t\t\n<style>\n#image_550045558 {\n  width: 100%;\n}\n<\/style>\n\t<\/div>\n\t\n\n\n\t\t<\/div>\n\t\t\t\t\t<\/div>\n\n\t\n\n\t<div id=\"col-1449819735\" class=\"col medium-10 small-12 large-10\"  >\n\t\t\t\t<div class=\"col-inner\"  >\n\t\t\t\n\t\t\t\n\n\t<div id=\"text-1374507637\" class=\"text\">\n\t\t\n\n<p>V\u1edbi ph\u01b0\u01a1ng ch\u00e2m &#8220;X\u00e2y ni\u1ec1m tin v\u1eefng, d\u1ef1ng uy t\u00edn v\u00e0ng&#8221;, Thi\u00ean \u0110\u0103ng tin t\u01b0\u1edfng r\u1eb1ng m\u1ed7i c\u00f4ng tr\u00ecnh l\u00e0 m\u1ed9t t\u00e1c ph\u1ea9m ngh\u1ec7 thu\u1eadt, th\u1ec3 hi\u1ec7n ni\u1ec1m t\u1ef1 h\u00e0o v\u00e0 t\u00e2m huy\u1ebft c\u1ee7a to\u00e0n b\u1ed9 \u0111\u1ed9i ng\u0169.<\/p>\n\t\t\n<style>\n#text-1374507637 {\n  color: rgb(0,0,0);\n}\n#text-1374507637 > * {\n  color: rgb(0,0,0);\n}\n<\/style>\n\t<\/div>\n\t\n\n\t\t<\/div>\n\t\t\t\t\t<\/div>\n\n\t\n\n<\/div>\n<div class=\"row\"  id=\"row-2142536420\">\n\n\n\t<div id=\"col-664037686\" class=\"col medium-10 small-12 large-10\"  >\n\t\t\t\t<div class=\"col-inner\"  >\n\t\t\t\n\t\t\t\n\n\t<div id=\"text-961171278\" class=\"text\">\n\t\t\n\n<p>C\u00f4ng ty TNHH Ki\u1ebfn Tr\u00fac X\u00e2y D\u1ef1ng Thi\u00ean \u0110\u0103ng cam k\u1ebft s\u1ebd lu\u00f4n \u0111\u1ed3ng h\u00e0nh c\u00f9ng kh\u00e1ch h\u00e0ng t\u1eeb nh\u1eefng \u00fd t\u01b0\u1edfng ban \u0111\u1ea7u \u0111\u1ebfn khi d\u1ef1 \u00e1n ho\u00e0n thi\u1ec7n, \u0111em l\u1ea1i s\u1ef1 h\u00e0i l\u00f2ng cao nh\u1ea5t.<\/p>\n\t\t\n<style>\n#text-961171278 {\n  color: rgb(0,0,0);\n}\n#text-961171278 > * {\n  color: rgb(0,0,0);\n}\n<\/style>\n\t<\/div>\n\t\n\n\t\t<\/div>\n\t\t\t\t\t<\/div>\n\n\t\n\n\t<div id=\"col-94209393\" class=\"col medium-2 small-12 large-2\"  >\n\t\t\t\t<div class=\"col-inner\"  >\n\t\t\t\n\t\t\t\n\n\t<div class=\"img has-hover x md-x lg-x y md-y lg-y\" id=\"image_71999225\">\n\t\t\t\t\t\t\t\t<div class=\"img-inner image-cover dark\" style=\"padding-top:110%;\">\n\t\t\t<img loading=\"lazy\" decoding=\"async\" width=\"133\" height=\"148\" src=\"https:\/\/thiendangcons.com\/wp-content\/uploads\/2026\/02\/LogoGlobeMountain.png\" class=\"attachment-large size-large\" alt=\"\" \/>\t\t\t\t\t\t\n\t\t\t\t\t<\/div>\n\t\t\t\t\t\t\t\t\n<style>\n#image_71999225 {\n  width: 100%;\n}\n<\/style>\n\t<\/div>\n\t\n\n\n\t\t<\/div>\n\t\t\t\t\t<\/div>\n\n\t\n\n<\/div>\n\n\t\t<\/div>\n\t\t\t\t\t<\/div>\n\n\t\n\n<\/div>\n\t<div id=\"text-1525965718\" class=\"text\">\n\t\t\n\n<h3>&#8220;X\u00e2y ni\u1ec1m tin v\u1eefng, d\u1ef1ng uy t\u00edn v\u00e0ng&#8221;<\/h3>\n\t\t\n<style>\n#text-1525965718 {\n  text-align: center;\n  color: #80b922;\n}\n#text-1525965718 > * {\n  color: #80b922;\n}\n<\/style>\n\t<\/div>\n\t\n\n\t\t<\/div>\n\n\t\t\n<style>\n#section_1586968749 {\n  padding-top: 30px;\n  padding-bottom: 30px;\n  min-height: 912px;\n}\n#section_1586968749 .section-bg.bg-loaded {\n  background-image: url(https:\/\/thiendangcons.com\/wp-content\/uploads\/2026\/02\/BackgroundGioiThieu.png);\n}\n#section_1586968749 .section-bg {\n  background-position: 50% 50%;\n}\n<\/style>\n\t<\/section>\n\t\n\t<section class=\"section\" id=\"section_1436529204\">\n\t\t<div class=\"bg section-bg fill bg-fill  bg-loaded\" >\n\n\t\t\t\n\t\t\t\n\t\t\t\n\n\t\t<\/div>\n\n\t\t\n\n\t\t<div class=\"section-content relative\">\n\t\t\t\n\n<div class=\"row\"  id=\"row-1368705958\">\n\n\n\t<div id=\"col-258552527\" class=\"col medium-6 small-12 large-6\"  >\n\t\t\t\t<div class=\"col-inner\"  >\n\t\t\t\n\t\t\t\n\n<div class=\"row\"  id=\"row-2023797274\">\n\n\n\t<div id=\"col-1566901755\" class=\"col small-12 large-12\"  >\n\t\t\t\t<div class=\"col-inner\"  >\n\t\t\t\n\t\t\t\n\n\t<div id=\"text-193983441\" class=\"text\">\n\t\t\n\n<h2 class=\"uppercase\">T\u1ea6M NH\u00ccN<\/h2>\n\t\t\n<style>\n#text-193983441 {\n  color: #80b922;\n}\n#text-193983441 > * {\n  color: #80b922;\n}\n<\/style>\n\t<\/div>\n\t\n\t<div id=\"text-1845717698\" class=\"text\">\n\t\t\n\n<p>Thi\u00ean \u0110\u0103ng h\u01b0\u1edbng \u0111\u1ebfn tr\u1edf th\u00e0nh \u0111\u01a1n v\u1ecb thi\u1ebft k\u1ebf v\u00e0 thi c\u00f4ng nh\u00e0 ph\u1ed1 tr\u1ecdn g\u00f3i h\u00e0ng \u0111\u1ea7u t\u1ea1i Vi\u1ec7t Nam. Ch\u00fang t\u00f4i \u0111\u1ed3ng h\u00e0nh c\u00f9ng kh\u00e1ch h\u00e0ng ki\u1ebfn t\u1ea1o kh\u00f4ng gian s\u1ed1ng ch\u1ea5t l\u01b0\u1ee3ng, th\u1ea9m m\u1ef9 v\u00e0 b\u1ec1n v\u1eefng \u2013 mang \u0111\u1eadm d\u1ea5u \u1ea5n c\u00e1 nh\u00e2n v\u00e0 gi\u00e1 tr\u1ecb nh\u00e2n v\u0103n trong t\u1eebng c\u00f4ng tr\u00ecnh.<\/p>\n\t\t\n<style>\n#text-1845717698 {\n  color: rgb(0,0,0);\n}\n#text-1845717698 > * {\n  color: rgb(0,0,0);\n}\n<\/style>\n\t<\/div>\n\t\n\n\t\t<\/div>\n\t\t\t\t\t<\/div>\n\n\t\n\n\t<div id=\"col-1805469629\" class=\"col small-12 large-12\"  >\n\t\t\t\t<div class=\"col-inner\"  >\n\t\t\t\n\t\t\t\n\n\t<div id=\"text-793775053\" class=\"text\">\n\t\t\n\n<h2 class=\"uppercase\">S\u1ee8 M\u1ec6NH<\/h2>\n\t\t\n<style>\n#text-793775053 {\n  color: #80b922;\n}\n#text-793775053 > * {\n  color: #80b922;\n}\n<\/style>\n\t<\/div>\n\t\n\t<div id=\"text-2212458372\" class=\"text\">\n\t\t\n\n<ul>\n<li>Cung c\u1ea5p gi\u1ea3i ph\u00e1p thi\u1ebft k\u1ebf \u2013 thi c\u00f4ng tr\u1ecdn g\u00f3i t\u1ed1i \u01b0u, ti\u1ebft ki\u1ec7m th\u1eddi gian v\u00e0 chi ph\u00ed cho kh\u00e1ch h\u00e0ng.<\/li>\n<li>\u1ee8ng d\u1ee5ng k\u1ef9 thu\u1eadt v\u00e0 c\u00f4ng ngh\u1ec7 hi\u1ec7n \u0111\u1ea1i \u0111\u1ec3 n\u00e2ng cao ch\u1ea5t l\u01b0\u1ee3ng c\u00f4ng tr\u00ecnh v\u00e0 tr\u1ea3i nghi\u1ec7m d\u1ecbch v\u1ee5.<\/li>\n<li>X\u00e2y d\u1ef1ng \u0111\u1ed9i ng\u0169 chuy\u00ean nghi\u1ec7p, t\u1eadn t\u00e2m v\u00e0 kh\u00f4ng ng\u1eebng \u0111\u1ed5i m\u1edbi.<\/li>\n<li>G\u00f3p ph\u1ea7n t\u1ea1o d\u1ef1ng m\u00f4i tr\u01b0\u1eddng s\u1ed1ng v\u0103n minh, an to\u00e0n v\u00e0 ph\u00e1t tri\u1ec3n b\u1ec1n v\u1eefng cho c\u1ed9ng \u0111\u1ed3ng.<\/li>\n<\/ul>\n\t\t\n<style>\n#text-2212458372 {\n  color: rgb(0,0,0);\n}\n#text-2212458372 > * {\n  color: rgb(0,0,0);\n}\n<\/style>\n\t<\/div>\n\t\n\n\t\t<\/div>\n\t\t\t\t\t<\/div>\n\n\t\n\n<\/div>\n\n\t\t<\/div>\n\t\t\t\t\t<\/div>\n\n\t\n\n\t<div id=\"col-576722810\" class=\"col medium-6 small-12 large-6\"  >\n\t\t\t\t<div class=\"col-inner\"  >\n\t\t\t\n\t\t\t\n\n\t<div id=\"text-924695935\" class=\"text\">\n\t\t\n\n<h2 class=\"uppercase\">GI\u00c1 TR\u1eca C\u1ed0T L\u00d5I<\/h2>\n\t\t\n<style>\n#text-924695935 {\n  color: rgb(0, 60, 0);\n}\n#text-924695935 > * {\n  color: rgb(0, 60, 0);\n}\n<\/style>\n\t<\/div>\n\t\n\t<div id=\"text-3004249593\" class=\"text\">\n\t\t\n\n<ul>\n<li>Ch\u1ea5t l\u01b0\u1ee3ng l\u00e0m g\u1ed1c: M\u1ed7i c\u00f4ng tr\u00ecnh \u0111\u1ec1u \u0111\u01b0\u1ee3c th\u1ef1c hi\u1ec7n ch\u1ec9n chu, \u0111\u00fang ti\u00eau chu\u1ea9n k\u1ef9 thu\u1eadt v\u00e0 th\u1ea9m m\u1ef9.<\/li>\n<li>T\u1eadn t\u00e2m ph\u1ee5c v\u1ee5: \u0110\u1eb7t l\u1ee3i \u00edch v\u00e0 s\u1ef1 h\u00e0i l\u00f2ng c\u1ee7a kh\u00e1ch h\u00e0ng l\u00e0m trung t\u00e2m.<\/li>\n<li>Tr\u00e1ch nhi\u1ec7m v\u00e0 minh b\u1ea1ch: Cam k\u1ebft \u0111\u00fang ti\u1ebfn \u0111\u1ed9, r\u00f5 r\u00e0ng trong m\u1ecdi h\u1ea1ng m\u1ee5c.<\/li>\n<li>\u0110\u1ed5i m\u1edbi s\u00e1ng t\u1ea1o: Lu\u00f4n c\u1eadp nh\u1eadt xu h\u01b0\u1edbng m\u1edbi \u0111\u1ec3 mang l\u1ea1i nh\u1eefng gi\u1ea3i ph\u00e1p t\u1ed1i \u01b0u.<\/li>\n<li>\u0110\u1ed3ng h\u00e0nh ph\u00e1t tri\u1ec3n: G\u1eafn k\u1ebft d\u00e0i l\u00e2u v\u1edbi kh\u00e1ch h\u00e0ng, \u0111\u1ed1i t\u00e1c v\u00e0 c\u1ed9ng \u0111\u1ed3ng.<\/li>\n<\/ul>\n\t\t\n<style>\n#text-3004249593 {\n  color: rgb(0,0,0);\n}\n#text-3004249593 > * {\n  color: rgb(0,0,0);\n}\n<\/style>\n\t<\/div>\n\t\n\n\t\t<\/div>\n\t\t\t\t\t<\/div>\n\n\t\n\n<\/div>\n\n\t\t<\/div>\n\n\t\t\n<style>\n#section_1436529204 {\n  padding-top: 30px;\n  padding-bottom: 30px;\n}\n<\/style>\n\t<\/section>\n\t\n\t<section class=\"section\" id=\"section_479798549\">\n\t\t<div class=\"bg section-bg fill bg-fill  bg-loaded\" >\n\n\t\t\t\n\t\t\t\n\t\t\t\n\n\t\t<\/div>\n\n\t\t\n\n\t\t<div class=\"section-content relative\">\n\t\t\t\n\n\t<div id=\"text-4251900936\" class=\"text\">\n\t\t\n\n<h1>D\u1ecaCH V\u1ee4 C\u1ee6A CH\u00daNG T\u00d4I<\/h1>\n\t\t\n<style>\n#text-4251900936 {\n  text-align: center;\n  color: #80b922;\n}\n#text-4251900936 > * {\n  color: #80b922;\n}\n<\/style>\n\t<\/div>\n\t\n<div class=\"row\"  id=\"row-111662382\">\n\n\n\t<div id=\"col-45109301\" class=\"col medium-3 small-6 large-3\"  >\n\t\t\t\t<div class=\"col-inner\"  >\n\t\t\t\n\t\t\t\n\n\t<div class=\"box has-hover   has-hover box-text-bottom\" >\n\n\t\t<div class=\"box-image\" style=\"width:50%;\">\n\t\t\t\t\t\t<div class=\"\" >\n\t\t\t\t<img loading=\"lazy\" decoding=\"async\" width=\"273\" height=\"269\" src=\"https:\/\/thiendangcons.com\/wp-content\/uploads\/2026\/02\/image-24.png\" class=\"attachment- size-\" alt=\"\" srcset=\"https:\/\/thiendangcons.com\/wp-content\/uploads\/2026\/02\/image-24.png 273w, https:\/\/thiendangcons.com\/wp-content\/uploads\/2026\/02\/image-24-100x100.png 100w\" sizes=\"auto, (max-width: 273px) 100vw, 273px\" \/>\t\t\t\t\t\t\t\t\t\t\t<\/div>\n\t\t\t\t\t<\/div>\n\n\t\t<div class=\"box-text text-center\" >\n\t\t\t<div class=\"box-text-inner\">\n\t\t\t\t\n\n<h4>Thi\u1ebft K\u1ebf Ki\u1ebfn Tr\u00fac<\/h4>\n<p>Ch\u00fang t\u00f4i cung c\u1ea5p d\u1ecbch v\u1ee5 thi\u1ebft k\u1ebf nh\u00e0 ph\u1ed1, bi\u1ec7t th\u1ef1, v\u0103n ph\u00f2ng hi\u1ec7n \u0111\u1ea1i v\u00e0 t\u1ed1i \u01b0u c\u00f4ng n\u0103ng.<\/p>\n\n\t\t\t<\/div>\n\t\t<\/div>\n\t<\/div>\n\t\n\n\t\t<\/div>\n\t\t\t\t\t<\/div>\n\n\t\n\n\t<div id=\"col-1263504439\" class=\"col medium-3 small-6 large-3\"  >\n\t\t\t\t<div class=\"col-inner\"  >\n\t\t\t\n\t\t\t\n\n\t<div class=\"box has-hover   has-hover box-text-bottom\" >\n\n\t\t<div class=\"box-image\" style=\"width:50%;\">\n\t\t\t\t\t\t<div class=\"\" >\n\t\t\t\t<img loading=\"lazy\" decoding=\"async\" width=\"351\" height=\"351\" src=\"https:\/\/thiendangcons.com\/wp-content\/uploads\/2026\/02\/image-25.png\" class=\"attachment- size-\" alt=\"\" srcset=\"https:\/\/thiendangcons.com\/wp-content\/uploads\/2026\/02\/image-25.png 351w, https:\/\/thiendangcons.com\/wp-content\/uploads\/2026\/02\/image-25-300x300.png 300w, https:\/\/thiendangcons.com\/wp-content\/uploads\/2026\/02\/image-25-150x150.png 150w, https:\/\/thiendangcons.com\/wp-content\/uploads\/2026\/02\/image-25-100x100.png 100w\" sizes=\"auto, (max-width: 351px) 100vw, 351px\" \/>\t\t\t\t\t\t\t\t\t\t\t<\/div>\n\t\t\t\t\t<\/div>\n\n\t\t<div class=\"box-text text-center\" >\n\t\t\t<div class=\"box-text-inner\">\n\t\t\t\t\n\n<h4>Thi c\u00f4ng X\u00e2y d\u1ef1ng<\/h4>\n<p>Thi c\u00f4ng tr\u1ecdn g\u00f3i c\u00f4ng tr\u00ecnh d\u00e2n d\u1ee5ng v\u00e0 c\u00f4ng nghi\u1ec7p, \u0111\u1ea3m b\u1ea3o ch\u1ea5t l\u01b0\u1ee3ng v\u00e0 ti\u1ebfn \u0111\u1ed9.<\/p>\n\n\t\t\t<\/div>\n\t\t<\/div>\n\t<\/div>\n\t\n\n\t\t<\/div>\n\t\t\t\t\t<\/div>\n\n\t\n\n\t<div id=\"col-143410867\" class=\"col medium-3 small-6 large-3\"  >\n\t\t\t\t<div class=\"col-inner\"  >\n\t\t\t\n\t\t\t\n\n\t<div class=\"box has-hover   has-hover box-text-bottom\" >\n\n\t\t<div class=\"box-image\" style=\"width:50%;\">\n\t\t\t\t\t\t<div class=\"\" >\n\t\t\t\t<img loading=\"lazy\" decoding=\"async\" width=\"356\" height=\"356\" src=\"https:\/\/thiendangcons.com\/wp-content\/uploads\/2026\/02\/image-26-1.png\" class=\"attachment- size-\" alt=\"\" srcset=\"https:\/\/thiendangcons.com\/wp-content\/uploads\/2026\/02\/image-26-1.png 356w, https:\/\/thiendangcons.com\/wp-content\/uploads\/2026\/02\/image-26-1-300x300.png 300w, https:\/\/thiendangcons.com\/wp-content\/uploads\/2026\/02\/image-26-1-150x150.png 150w, https:\/\/thiendangcons.com\/wp-content\/uploads\/2026\/02\/image-26-1-100x100.png 100w\" sizes=\"auto, (max-width: 356px) 100vw, 356px\" \/>\t\t\t\t\t\t\t\t\t\t\t<\/div>\n\t\t\t\t\t<\/div>\n\n\t\t<div class=\"box-text text-center\" >\n\t\t\t<div class=\"box-text-inner\">\n\t\t\t\t\n\n<h4>X\u00e2y d\u1ef1ng Nh\u00e0 x\u01b0\u1edfng<\/h4>\n<p>Thi\u1ebft k\u1ebf v\u00e0 thi c\u00f4ng nh\u00e0 x\u01b0\u1edfng, kho b\u00e3i, khu c\u00f4ng nghi\u1ec7p v\u1edbi gi\u1ea3i ph\u00e1p t\u1ed1i \u01b0u.<\/p>\n\n\t\t\t<\/div>\n\t\t<\/div>\n\t<\/div>\n\t\n\n\t\t<\/div>\n\t\t\t\t\t<\/div>\n\n\t\n\n\t<div id=\"col-1895892832\" class=\"col medium-3 small-6 large-3\"  >\n\t\t\t\t<div class=\"col-inner\"  >\n\t\t\t\n\t\t\t\n\n\t<div class=\"box has-hover   has-hover box-text-bottom\" >\n\n\t\t<div class=\"box-image\" style=\"width:50%;\">\n\t\t\t\t\t\t<div class=\"\" >\n\t\t\t\t<img loading=\"lazy\" decoding=\"async\" width=\"391\" height=\"345\" src=\"https:\/\/thiendangcons.com\/wp-content\/uploads\/2026\/02\/image-27.png\" class=\"attachment- size-\" alt=\"\" srcset=\"https:\/\/thiendangcons.com\/wp-content\/uploads\/2026\/02\/image-27.png 391w, https:\/\/thiendangcons.com\/wp-content\/uploads\/2026\/02\/image-27-300x265.png 300w\" sizes=\"auto, (max-width: 391px) 100vw, 391px\" \/>\t\t\t\t\t\t\t\t\t\t\t<\/div>\n\t\t\t\t\t<\/div>\n\n\t\t<div class=\"box-text text-center\" >\n\t\t\t<div class=\"box-text-inner\">\n\t\t\t\t\n\n<h4>T\u01b0 v\u1ea5n Gi\u00e1m s\u00e1t<\/h4>\n<p>Cung c\u1ea5p d\u1ecbch v\u1ee5 t\u01b0 v\u1ea5n thi\u1ebft k\u1ebf, gi\u00e1m s\u00e1t c\u00f4ng tr\u00ecnh \u0111\u1ec3 \u0111\u1ea3m b\u1ea3o ch\u1ea5t l\u01b0\u1ee3ng t\u1ed1t nh\u1ea5t.<\/p>\n\n\t\t\t<\/div>\n\t\t<\/div>\n\t<\/div>\n\t\n\n\t\t<\/div>\n\t\t\t\t\t<\/div>\n\n\t\n\n<\/div>\n\n\t\t<\/div>\n\n\t\t\n<style>\n#section_479798549 {\n  padding-top: 30px;\n  padding-bottom: 30px;\n}\n<\/style>\n\t<\/section>\n\t\n\n","protected":false},"excerpt":{"rendered":"","protected":false},"author":1,"featured_media":0,"parent":0,"menu_order":0,"comment_status":"closed","ping_status":"closed","template":"page-blank.php","meta":{"_acf_changed":false,"footnotes":""},"class_list":["post-13","page","type-page","status-publish","hentry"],"acf":[],"_links":{"self":[{"href":"https:\/\/thiendangcons.com\/index.php\/wp-json\/wp\/v2\/pages\/13","targetHints":{"allow":["GET"]}}],"collection":[{"href":"https:\/\/thiendangcons.com\/index.php\/wp-json\/wp\/v2\/pages"}],"about":[{"href":"https:\/\/thiendangcons.com\/index.php\/wp-json\/wp\/v2\/types\/page"}],"author":[{"embeddable":true,"href":"https:\/\/thiendangcons.com\/index.php\/wp-json\/wp\/v2\/users\/1"}],"replies":[{"embeddable":true,"href":"https:\/\/thiendangcons.com\/index.php\/wp-json\/wp\/v2\/comments?post=13"}],"version-history":[{"count":18,"href":"https:\/\/thiendangcons.com\/index.php\/wp-json\/wp\/v2\/pages\/13\/revisions"}],"predecessor-version":[{"id":581,"href":"https:\/\/thiendangcons.com\/index.php\/wp-json\/wp\/v2\/pages\/13\/revisions\/581"}],"wp:attachment":[{"href":"https:\/\/thiendangcons.com\/index.php\/wp-json\/wp\/v2\/media?parent=13"}],"curies":[{"name":"wp","href":"https:\/\/api.w.org\/{rel}","templated":true}]}}